{"id":98,"date":"2022-09-24T02:25:00","date_gmt":"2022-09-24T00:25:00","guid":{"rendered":"http:\/\/asvieuxlille.fr\/?page_id=98"},"modified":"2026-04-27T12:17:53","modified_gmt":"2026-04-27T10:17:53","slug":"accueil-2","status":"publish","type":"page","link":"https:\/\/asvieuxlille.fr\/","title":{"rendered":"Accueil"},"content":{"rendered":"\n<p>La boutique officielle de l&rsquo;ASVLBB est ici : <a href=\"https:\/\/app.grinta.eu\/asvlille\/adult\/official\">app.grinta.eu<\/a><\/p>\n\n\n\n<p><\/p>\n\n\n\n<p class=\"has-large-font-size\"><mark style=\"background-color:rgba(0, 0, 0, 0)\" class=\"has-inline-color has-vivid-red-color\"><strong>Saison 2025-2026<\/strong><\/mark><\/p>\n\n\n\n<p>Les calendriers des matchs des \u00e9quipes sont online. Rdv sur les onglets matchs (\u00e0 domicile, \u00e0 l&rsquo;ext\u00e9rieur), ou sur la page de chaque \u00e9quipe.<\/p>\n\n\n\n<figure class=\"wp-block-image size-large is-resized\"><img loading=\"lazy\" decoding=\"async\" width=\"905\" height=\"1024\" src=\"https:\/\/asvieuxlille.fr\/wp-content\/uploads\/2026\/04\/victoires-defaites-3-905x1024.jpg\" alt=\"\" class=\"wp-image-1403\" style=\"width:830px;height:auto\" srcset=\"https:\/\/asvieuxlille.fr\/wp-content\/uploads\/2026\/04\/victoires-defaites-3-905x1024.jpg 905w, https:\/\/asvieuxlille.fr\/wp-content\/uploads\/2026\/04\/victoires-defaites-3-265x300.jpg 265w, https:\/\/asvieuxlille.fr\/wp-content\/uploads\/2026\/04\/victoires-defaites-3-768x869.jpg 768w, https:\/\/asvieuxlille.fr\/wp-content\/uploads\/2026\/04\/victoires-defaites-3-1357x1536.jpg 1357w, https:\/\/asvieuxlille.fr\/wp-content\/uploads\/2026\/04\/victoires-defaites-3-113x128.jpg 113w, https:\/\/asvieuxlille.fr\/wp-content\/uploads\/2026\/04\/victoires-defaites-3-28x32.jpg 28w, https:\/\/asvieuxlille.fr\/wp-content\/uploads\/2026\/04\/victoires-defaites-3.jpg 1408w\" sizes=\"auto, (max-width: 905px) 100vw, 905px\" \/><\/figure>\n\n\n\n<figure class=\"wp-block-image size-full is-resized\"><img loading=\"lazy\" decoding=\"async\" width=\"320\" height=\"180\" src=\"https:\/\/asvieuxlille.fr\/wp-content\/uploads\/2025\/10\/clip2.gif\" alt=\"\" class=\"wp-image-1283\" style=\"width:426px;height:auto\"\/><\/figure>\n\n\n\n<p class=\"has-vivid-red-color has-text-color has-link-color wp-elements-c9365267f914bd71ea50e5e539e3962b\"><\/p>\n\n\n\n<p class=\"has-vivid-red-color has-text-color has-link-color has-medium-font-size wp-elements-1e75c21a33ac4cb485df46cf3a2174b5\"><mark style=\"background-color:rgba(0, 0, 0, 0)\" class=\"has-inline-color has-vivid-red-color\"><strong>Saison 2024-2025 : bilan<\/strong><\/mark><\/p>\n\n\n\n<p>Les <strong>S\u00e9niors F<\/strong> terminent 4e de leur championnat en D1 et \u00e9voluerons en R\u00e9gional R3 la saison prochaine. Elles sont aussi vice-championnes en coupe<br>F\u00e9licitations \u00e0 toutes et au staff<\/p>\n\n\n\n<p>Les <strong>Seniors M1<\/strong> se maintiennent en Pr\u00e9nat pour la saison 2025-2026<\/p>\n\n\n\n<p>Les <strong>S\u00e9niors M2<\/strong> se maintiennent en R3 apr\u00e8s la mont\u00e9e en fin de saison derni\u00e8re<\/p>\n\n\n\n<p>Les <strong>S\u00e9niors M3<\/strong> terminent 1er et monte en D2 la saison prochaine<\/p>\n\n\n\n<p>Les <strong>U17M <\/strong>Pr\u00e9-R\u00e9gion terminent 4e de leur poule sont vice-champions de la coupe Maillard<br>Bravo auc joueurs et coachs<\/p>\n\n\n\n<p>Les <strong>U15M<\/strong> terminent 1er en TD4<br>Bravos \u00e0 tous<\/p>\n\n\n\n<p>Les <strong>U13M<\/strong> terminent 1er de leur poule D\u00e9part., Div. 7<br>Super saison !<\/p>\n\n\n\n<p>Les <strong>U11M<\/strong> terminent 3e de leur poule en championnat TD5<\/p>\n\n\n\n<p><strong>Une \u00e9quipe S2F qui \u00e9voluera en D\u00e9partementale et une \u00e9quipe U11F sont cr\u00e9\u00e9es pour la saison 2025-2026<\/strong><\/p>\n\n\n\n<h2 class=\"wp-block-heading\"><mark style=\"background-color:rgba(0, 0, 0, 0)\" class=\"has-inline-color has-vivid-red-color\">Saison 2024-2025<\/mark><\/h2>\n\n\n\n<p>Les calendriers de la saison 2024-25 sont disponibles sur le site de la FFBB :<br>U17-Pr\u00e9-r\u00e9gion (Phase 2-Phase 2, Poule D) : <a href=\"https:\/\/resultats.ffbb.com\/championnat\/equipe\/2856.html?r=200000002865407&amp;p=200000003009000&amp;d=10326\">U17M<\/a><br>U15-D\u00e9part (Div. 7, poule B, TD4 Phase 2-Phase 2) : <a href=\"https:\/\/resultats.ffbb.com\/championnat\/equipe\/2856.html?r=200000002865546&amp;p=200000003009282&amp;d=10326\">U15M<\/a><br>U13-D\u00e9part (Div. 2, poule A, Phase 2-Phase 2) : <a href=\"https:\/\/resultats.ffbb.com\/championnat\/equipe\/2856.html?r=200000002865451&amp;p=200000003009097&amp;d=10326\">U13M<\/a><br>U11-D\u00e9part (Div. 7, poule D, TD6 Phase 2-Phase 2) : <a href=\"https:\/\/resultats.ffbb.com\/championnat\/equipe\/2856.html?r=200000002865260&amp;p=200000003008616&amp;d=10326\">U11M<\/a><br>U9 mixte-D\u00e9part (Div. 7, poule A, TD4 Phase 2-Phase 2) : <a href=\"https:\/\/resultats.ffbb.com\/championnat\/equipe\/2856.html?r=200000002865205&amp;p=200000003008365&amp;d=10326\">U9 \u00e9quipe 1<\/a><br>U9 mixte-D\u00e9part (Div. 7, poule A, TD6 Phase 2-Phase 2) : <a href=\"https:\/\/resultats.ffbb.com\/championnat\/equipe\/2856.html?r=200000002865205&amp;p=200000003008371&amp;d=10326\">U9 \u00e9quipe 2<\/a><br>SM1 pr\u00e9-Nat (poule B) : <a href=\"https:\/\/resultats.ffbb.com\/championnat\/b5e621201b65.html?r=200000002857829&amp;d=200000002990457&amp;p=1\" target=\"_blank\" rel=\"noreferrer noopener\">ASV-1 M<\/a><br>SM2 R3 (poule D) : <a href=\"https:\/\/resultats.ffbb.com\/championnat\/b5e621201b69.html?r=200000002857833&amp;d=200000002990469&amp;p=1\" target=\"_blank\" rel=\"noreferrer noopener\">ASV-2 M<\/a><br>SM3 D3 (Poule D) : <a href=\"https:\/\/resultats.ffbb.com\/championnat\/equipe\/2856.html?r=200000002858370&amp;p=200000002991505&amp;d=10326\">ASV-3M<\/a><br>SF1 pr\u00e9-r\u00e9gion (Poule A) : <a href=\"https:\/\/resultats.ffbb.com\/championnat\/equipe\/2856.html?r=200000002858371&amp;p=200000002991510&amp;d=10326\">SF1<\/a><br><\/p>\n\n\n\n<h2 class=\"wp-block-heading\"><mark style=\"background-color:rgba(0, 0, 0, 0)\" class=\"has-inline-color has-vivid-red-color\">Saison 2023-2024 : bilan<\/mark><\/h2>\n\n\n\n<ul class=\"wp-block-list\">\n<li>S\u00e9niors M \u00e9quipe 1&nbsp;: 9<sup>e<\/sup>\/14, Maintien en Pr\u00e9-Nat<\/li>\n\n\n\n<li>S\u00e9niors M \u00e9quipe 2&nbsp;: <strong>1<sup>er<\/sup> de D1<\/strong>, <strong>mont\u00e9e en R\u00e9gional<\/strong>. <strong>Vice-championne du troph\u00e9e de D2<\/strong><\/li>\n\n\n\n<li>S\u00e9niors F&nbsp;: <strong>1\u02b3\u1d49 de D2, mont\u00e9e en D1<\/strong><\/li>\n\n\n\n<li>U17 M&nbsp;: 2<sup>e<\/sup> de D2, <strong>Championne du troph\u00e9e d\u00e9partemental D2<\/strong>, <strong>Vice-championne de  la coupe Maillard<\/strong><\/li>\n\n\n\n<li>U15 M&nbsp;: 3<sup>e<\/sup> de la phase 2 de D2<\/li>\n\n\n\n<li>U13 M&nbsp;: 1<sup>er<\/sup> de TD5\/Div. 7 puis 2<sup>e<\/sup> de la phase 2 TD4<\/li>\n\n\n\n<li>U11&nbsp;: 3<sup>e<\/sup> dans la phase 3 de Div. 7 (encore 1 match \u00e0 jouer)<\/li>\n\n\n\n<li>U9&nbsp;Mixte : <strong>1<sup>er<\/sup> TD6<\/strong><\/li>\n<\/ul>\n\n\n\n<p><\/p>\n","protected":false},"excerpt":{"rendered":"<p>La boutique officielle de l&rsquo;ASVLBB est ici : app.grinta.eu Saison 2025-2026 Les calendriers des matchs des \u00e9quipes sont online. Rdv sur les onglets matchs (\u00e0 domicile, \u00e0 l&rsquo;ext\u00e9rieur), ou sur la page de chaque \u00e9quipe. Saison 2024-2025 : bilan Les S\u00e9niors F terminent 4e de leur championnat en D1 et \u00e9voluerons en R\u00e9gional R3 la [&hellip;]<\/p>\n","protected":false},"author":1,"featured_media":0,"parent":0,"menu_order":0,"comment_status":"closed","ping_status":"closed","template":"","meta":{"_seopress_robots_primary_cat":"","_seopress_titles_title":"","_seopress_titles_desc":"","_seopress_robots_index":"","footnotes":""},"class_list":["post-98","page","type-page","status-publish","hentry"],"_links":{"self":[{"href":"https:\/\/asvieuxlille.fr\/index.php\/wp-json\/wp\/v2\/pages\/98","targetHints":{"allow":["GET"]}}],"collection":[{"href":"https:\/\/asvieuxlille.fr\/index.php\/wp-json\/wp\/v2\/pages"}],"about":[{"href":"https:\/\/asvieuxlille.fr\/index.php\/wp-json\/wp\/v2\/types\/page"}],"author":[{"embeddable":true,"href":"https:\/\/asvieuxlille.fr\/index.php\/wp-json\/wp\/v2\/users\/1"}],"replies":[{"embeddable":true,"href":"https:\/\/asvieuxlille.fr\/index.php\/wp-json\/wp\/v2\/comments?post=98"}],"version-history":[{"count":105,"href":"https:\/\/asvieuxlille.fr\/index.php\/wp-json\/wp\/v2\/pages\/98\/revisions"}],"predecessor-version":[{"id":1404,"href":"https:\/\/asvieuxlille.fr\/index.php\/wp-json\/wp\/v2\/pages\/98\/revisions\/1404"}],"wp:attachment":[{"href":"https:\/\/asvieuxlille.fr\/index.php\/wp-json\/wp\/v2\/media?parent=98"}],"curies":[{"name":"wp","href":"https:\/\/api.w.org\/{rel}","templated":true}]}}

<p>La boutique officielle de l&rsquo;ASVLBB est ici : <a href="https://app.grinta.eu/asvlille/adult/official">app.grinta.eu</a></p>



<p></p>



<p class="has-large-font-size"><mark style="background-color:rgba(0, 0, 0, 0)" class="has-inline-color has-vivid-red-color"><strong>Saison 2025-2026</strong></mark></p>



<p>Les calendriers des matchs des équipes sont online. Rdv sur les onglets matchs (à domicile, à l&rsquo;extérieur), ou sur la page de chaque équipe.</p>



<figure class="wp-block-image size-large is-resized"><img loading="lazy" decoding="async" width="905" height="1024" src="https://asvieuxlille.fr/wp-content/uploads/2026/04/victoires-defaites-3-905x1024.jpg" alt="" class="wp-image-1403" style="width:830px;height:auto" srcset="https://asvieuxlille.fr/wp-content/uploads/2026/04/victoires-defaites-3-905x1024.jpg 905w, https://asvieuxlille.fr/wp-content/uploads/2026/04/victoires-defaites-3-265x300.jpg 265w, https://asvieuxlille.fr/wp-content/uploads/2026/04/victoires-defaites-3-768x869.jpg 768w, https://asvieuxlille.fr/wp-content/uploads/2026/04/victoires-defaites-3-1357x1536.jpg 1357w, https://asvieuxlille.fr/wp-content/uploads/2026/04/victoires-defaites-3-113x128.jpg 113w, https://asvieuxlille.fr/wp-content/uploads/2026/04/victoires-defaites-3-28x32.jpg 28w, https://asvieuxlille.fr/wp-content/uploads/2026/04/victoires-defaites-3.jpg 1408w" sizes="auto, (max-width: 905px) 100vw, 905px" /></figure>



<figure class="wp-block-image size-full is-resized"><img loading="lazy" decoding="async" width="320" height="180" src="https://asvieuxlille.fr/wp-content/uploads/2025/10/clip2.gif" alt="" class="wp-image-1283" style="width:426px;height:auto"/></figure>



<p class="has-vivid-red-color has-text-color has-link-color wp-elements-c9365267f914bd71ea50e5e539e3962b"></p>



<p class="has-vivid-red-color has-text-color has-link-color has-medium-font-size wp-elements-1e75c21a33ac4cb485df46cf3a2174b5"><mark style="background-color:rgba(0, 0, 0, 0)" class="has-inline-color has-vivid-red-color"><strong>Saison 2024-2025 : bilan</strong></mark></p>



<p>Les <strong>Séniors F</strong> terminent 4e de leur championnat en D1 et évoluerons en Régional R3 la saison prochaine. Elles sont aussi vice-championnes en coupe<br>Félicitations à toutes et au staff</p>



<p>Les <strong>Seniors M1</strong> se maintiennent en Prénat pour la saison 2025-2026</p>



<p>Les <strong>Séniors M2</strong> se maintiennent en R3 après la montée en fin de saison dernière</p>



<p>Les <strong>Séniors M3</strong> terminent 1er et monte en D2 la saison prochaine</p>



<p>Les <strong>U17M </strong>Pré-Région terminent 4e de leur poule sont vice-champions de la coupe Maillard<br>Bravo auc joueurs et coachs</p>



<p>Les <strong>U15M</strong> terminent 1er en TD4<br>Bravos à tous</p>



<p>Les <strong>U13M</strong> terminent 1er de leur poule Départ., Div. 7<br>Super saison !</p>



<p>Les <strong>U11M</strong> terminent 3e de leur poule en championnat TD5</p>



<p><strong>Une équipe S2F qui évoluera en Départementale et une équipe U11F sont créées pour la saison 2025-2026</strong></p>



<h2 class="wp-block-heading"><mark style="background-color:rgba(0, 0, 0, 0)" class="has-inline-color has-vivid-red-color">Saison 2024-2025</mark></h2>



<p>Les calendriers de la saison 2024-25 sont disponibles sur le site de la FFBB :<br>U17-Pré-région (Phase 2-Phase 2, Poule D) : <a href="https://resultats.ffbb.com/championnat/equipe/2856.html?r=200000002865407&amp;p=200000003009000&amp;d=10326">U17M</a><br>U15-Départ (Div. 7, poule B, TD4 Phase 2-Phase 2) : <a href="https://resultats.ffbb.com/championnat/equipe/2856.html?r=200000002865546&amp;p=200000003009282&amp;d=10326">U15M</a><br>U13-Départ (Div. 2, poule A, Phase 2-Phase 2) : <a href="https://resultats.ffbb.com/championnat/equipe/2856.html?r=200000002865451&amp;p=200000003009097&amp;d=10326">U13M</a><br>U11-Départ (Div. 7, poule D, TD6 Phase 2-Phase 2) : <a href="https://resultats.ffbb.com/championnat/equipe/2856.html?r=200000002865260&amp;p=200000003008616&amp;d=10326">U11M</a><br>U9 mixte-Départ (Div. 7, poule A, TD4 Phase 2-Phase 2) : <a href="https://resultats.ffbb.com/championnat/equipe/2856.html?r=200000002865205&amp;p=200000003008365&amp;d=10326">U9 équipe 1</a><br>U9 mixte-Départ (Div. 7, poule A, TD6 Phase 2-Phase 2) : <a href="https://resultats.ffbb.com/championnat/equipe/2856.html?r=200000002865205&amp;p=200000003008371&amp;d=10326">U9 équipe 2</a><br>SM1 pré-Nat (poule B) : <a href="https://resultats.ffbb.com/championnat/b5e621201b65.html?r=200000002857829&amp;d=200000002990457&amp;p=1" target="_blank" rel="noreferrer noopener">ASV-1 M</a><br>SM2 R3 (poule D) : <a href="https://resultats.ffbb.com/championnat/b5e621201b69.html?r=200000002857833&amp;d=200000002990469&amp;p=1" target="_blank" rel="noreferrer noopener">ASV-2 M</a><br>SM3 D3 (Poule D) : <a href="https://resultats.ffbb.com/championnat/equipe/2856.html?r=200000002858370&amp;p=200000002991505&amp;d=10326">ASV-3M</a><br>SF1 pré-région (Poule A) : <a href="https://resultats.ffbb.com/championnat/equipe/2856.html?r=200000002858371&amp;p=200000002991510&amp;d=10326">SF1</a><br></p>



<h2 class="wp-block-heading"><mark style="background-color:rgba(0, 0, 0, 0)" class="has-inline-color has-vivid-red-color">Saison 2023-2024 : bilan</mark></h2>



<ul class="wp-block-list">
<li>Séniors M équipe 1&nbsp;: 9<sup>e</sup>/14, Maintien en Pré-Nat</li>



<li>Séniors M équipe 2&nbsp;: <strong>1<sup>er</sup> de D1</strong>, <strong>montée en Régional</strong>. <strong>Vice-championne du trophée de D2</strong></li>



<li>Séniors F&nbsp;: <strong>1ʳᵉ de D2, montée en D1</strong></li>



<li>U17 M&nbsp;: 2<sup>e</sup> de D2, <strong>Championne du trophée départemental D2</strong>, <strong>Vice-championne de  la coupe Maillard</strong></li>



<li>U15 M&nbsp;: 3<sup>e</sup> de la phase 2 de D2</li>



<li>U13 M&nbsp;: 1<sup>er</sup> de TD5/Div. 7 puis 2<sup>e</sup> de la phase 2 TD4</li>



<li>U11&nbsp;: 3<sup>e</sup> dans la phase 3 de Div. 7 (encore 1 match à jouer)</li>



<li>U9&nbsp;Mixte : <strong>1<sup>er</sup> TD6</strong></li>
</ul>



<p></p>

<p>La boutique officielle de l&rsquo;ASVLBB est ici : app.grinta.eu Saison 2025-2026 Les calendriers des matchs des équipes sont online. Rdv sur les onglets matchs (à domicile, à l&rsquo;extérieur), ou sur la page de chaque équipe. Saison 2024-2025 : bilan Les Séniors F terminent 4e de leur championnat en D1 et évoluerons en Régional R3 la [&hellip;]</p>
