{"id":2,"date":"2022-09-16T17:44:38","date_gmt":"2022-09-16T15:44:38","guid":{"rendered":"http:\/\/asvieuxlille.fr\/?page_id=2"},"modified":"2025-10-27T09:57:57","modified_gmt":"2025-10-27T08:57:57","slug":"prenatm","status":"publish","type":"page","link":"https:\/\/asvieuxlille.fr\/index.php\/prenatm\/","title":{"rendered":"SM1"},"content":{"rendered":"\n<p class=\"has-vivid-red-color has-text-color has-link-color has-large-font-size wp-elements-621439450aee36d8e9392086f59d09be\"><strong>SAISON 2024-2025<\/strong><\/p>\n\n\n\n<p>L&rsquo;\u00e9quipe 1\u00e8re M \u00e9volue en <strong>pr\u00e9-nationale<\/strong>, poule A.<\/p>\n\n\n\n<p>Le calendrier\/r\u00e9sultats de la saison 2025-2026 est disponible sur le site de la FFBB : <a href=\"https:\/\/competitions.ffbb.com\/ligues\/hdf\/comites\/0059\/clubs\/hdf0059128\/equipes\/200000005140505\">AS Vieux-Lille Basket<\/a><\/p>\n\n\n\n<figure class=\"wp-block-image size-large\"><img loading=\"lazy\" decoding=\"async\" width=\"1024\" height=\"683\" src=\"https:\/\/asvieuxlille.fr\/wp-content\/uploads\/2025\/10\/SM1_2025-2026-1024x683.jpg\" alt=\"\" class=\"wp-image-1272\" srcset=\"https:\/\/asvieuxlille.fr\/wp-content\/uploads\/2025\/10\/SM1_2025-2026-1024x683.jpg 1024w, https:\/\/asvieuxlille.fr\/wp-content\/uploads\/2025\/10\/SM1_2025-2026-300x200.jpg 300w, https:\/\/asvieuxlille.fr\/wp-content\/uploads\/2025\/10\/SM1_2025-2026-768x512.jpg 768w, https:\/\/asvieuxlille.fr\/wp-content\/uploads\/2025\/10\/SM1_2025-2026-1536x1025.jpg 1536w, https:\/\/asvieuxlille.fr\/wp-content\/uploads\/2025\/10\/SM1_2025-2026-128x85.jpg 128w, https:\/\/asvieuxlille.fr\/wp-content\/uploads\/2025\/10\/SM1_2025-2026-32x21.jpg 32w, https:\/\/asvieuxlille.fr\/wp-content\/uploads\/2025\/10\/SM1_2025-2026.jpg 2048w\" sizes=\"auto, (max-width: 1024px) 100vw, 1024px\" \/><\/figure>\n\n\n\n<p><\/p>\n\n\n\n<h2 class=\"wp-block-heading has-vivid-red-color has-text-color has-link-color wp-elements-805a6b624e7e1b8386affc5a3ce04bf1\">SAISON 2024-2025<\/h2>\n\n\n\n<p>Le calendrier\/r\u00e9sultats de la saison 2024-2025 est disponible sur le site de la FFBB : <a href=\"https:\/\/resultats.ffbb.com\/championnat\/equipe\/2856.html?r=200000002857829&amp;p=200000002990457&amp;d=10326\" data-type=\"link\" data-id=\"https:\/\/resultats.ffbb.com\/championnat\/b5e621201b65.html?r=200000002857829&amp;d=200000002990457&amp;p=1\" target=\"_blank\" rel=\"noreferrer noopener\">ASV-1 M<\/a><\/p>\n\n\n\n<p>Coach : Nassim TALEB (<a href=\"mailto:nass59vl@hotmail.com\">nass59vl@hotmail.com<\/a>)<\/p>\n\n\n\n<p>Une saison difficile mais l&rsquo;\u00e9quipe se maintient pour la saison 2025-2026.<\/p>\n\n\n\n<p><\/p>\n","protected":false},"excerpt":{"rendered":"<p>SAISON 2024-2025 L&rsquo;\u00e9quipe 1\u00e8re M \u00e9volue en pr\u00e9-nationale, poule A. Le calendrier\/r\u00e9sultats de la saison 2025-2026 est disponible sur le site de la FFBB : AS Vieux-Lille Basket SAISON 2024-2025 Le calendrier\/r\u00e9sultats de la saison 2024-2025 est disponible sur le site de la FFBB : ASV-1 M Coach : Nassim TALEB (nass59vl@hotmail.com) Une saison difficile [&hellip;]<\/p>\n","protected":false},"author":1,"featured_media":0,"parent":0,"menu_order":0,"comment_status":"closed","ping_status":"closed","template":"","meta":{"_seopress_robots_primary_cat":"","_seopress_titles_title":"","_seopress_titles_desc":"","_seopress_robots_index":"","footnotes":""},"class_list":["post-2","page","type-page","status-publish","hentry"],"_links":{"self":[{"href":"https:\/\/asvieuxlille.fr\/index.php\/wp-json\/wp\/v2\/pages\/2","targetHints":{"allow":["GET"]}}],"collection":[{"href":"https:\/\/asvieuxlille.fr\/index.php\/wp-json\/wp\/v2\/pages"}],"about":[{"href":"https:\/\/asvieuxlille.fr\/index.php\/wp-json\/wp\/v2\/types\/page"}],"author":[{"embeddable":true,"href":"https:\/\/asvieuxlille.fr\/index.php\/wp-json\/wp\/v2\/users\/1"}],"replies":[{"embeddable":true,"href":"https:\/\/asvieuxlille.fr\/index.php\/wp-json\/wp\/v2\/comments?post=2"}],"version-history":[{"count":18,"href":"https:\/\/asvieuxlille.fr\/index.php\/wp-json\/wp\/v2\/pages\/2\/revisions"}],"predecessor-version":[{"id":1274,"href":"https:\/\/asvieuxlille.fr\/index.php\/wp-json\/wp\/v2\/pages\/2\/revisions\/1274"}],"wp:attachment":[{"href":"https:\/\/asvieuxlille.fr\/index.php\/wp-json\/wp\/v2\/media?parent=2"}],"curies":[{"name":"wp","href":"https:\/\/api.w.org\/{rel}","templated":true}]}}

<p class="has-vivid-red-color has-text-color has-link-color has-large-font-size wp-elements-621439450aee36d8e9392086f59d09be"><strong>SAISON 2024-2025</strong></p>



<p>L&rsquo;équipe 1ère M évolue en <strong>pré-nationale</strong>, poule A.</p>



<p>Le calendrier/résultats de la saison 2025-2026 est disponible sur le site de la FFBB : <a href="https://competitions.ffbb.com/ligues/hdf/comites/0059/clubs/hdf0059128/equipes/200000005140505">AS Vieux-Lille Basket</a></p>



<figure class="wp-block-image size-large"><img loading="lazy" decoding="async" width="1024" height="683" src="https://asvieuxlille.fr/wp-content/uploads/2025/10/SM1_2025-2026-1024x683.jpg" alt="" class="wp-image-1272" srcset="https://asvieuxlille.fr/wp-content/uploads/2025/10/SM1_2025-2026-1024x683.jpg 1024w, https://asvieuxlille.fr/wp-content/uploads/2025/10/SM1_2025-2026-300x200.jpg 300w, https://asvieuxlille.fr/wp-content/uploads/2025/10/SM1_2025-2026-768x512.jpg 768w, https://asvieuxlille.fr/wp-content/uploads/2025/10/SM1_2025-2026-1536x1025.jpg 1536w, https://asvieuxlille.fr/wp-content/uploads/2025/10/SM1_2025-2026-128x85.jpg 128w, https://asvieuxlille.fr/wp-content/uploads/2025/10/SM1_2025-2026-32x21.jpg 32w, https://asvieuxlille.fr/wp-content/uploads/2025/10/SM1_2025-2026.jpg 2048w" sizes="auto, (max-width: 1024px) 100vw, 1024px" /></figure>



<p></p>



<h2 class="wp-block-heading has-vivid-red-color has-text-color has-link-color wp-elements-805a6b624e7e1b8386affc5a3ce04bf1">SAISON 2024-2025</h2>



<p>Le calendrier/résultats de la saison 2024-2025 est disponible sur le site de la FFBB : <a href="https://resultats.ffbb.com/championnat/equipe/2856.html?r=200000002857829&amp;p=200000002990457&amp;d=10326" data-type="link" data-id="https://resultats.ffbb.com/championnat/b5e621201b65.html?r=200000002857829&amp;d=200000002990457&amp;p=1" target="_blank" rel="noreferrer noopener">ASV-1 M</a></p>



<p>Coach : Nassim TALEB (<a href="mailto:nass59vl@hotmail.com">nass59vl@hotmail.com</a>)</p>



<p>Une saison difficile mais l&rsquo;équipe se maintient pour la saison 2025-2026.</p>



<p></p>

<p>SAISON 2024-2025 L&rsquo;équipe 1ère M évolue en pré-nationale, poule A. Le calendrier/résultats de la saison 2025-2026 est disponible sur le site de la FFBB : AS Vieux-Lille Basket SAISON 2024-2025 Le calendrier/résultats de la saison 2024-2025 est disponible sur le site de la FFBB : ASV-1 M Coach : Nassim TALEB (nass59vl@hotmail.com) Une saison difficile [&hellip;]</p>
